te the remainder when 127 is divided by 125.
2
Calculate the remainder when 461 is divided by 56.
13
Calculate the remainder when 237 is divided by 23.
7
What is the remainder when 16 is divided by 4?
0
Calculate the remainder when 42 is divided by 26.
16
Calculate the remainder when 224 is divided by 66.
26
What is the remainder when 154 is divided by 47?
13
Calculate the remainder when 216 is divided by 38.
26
What is the remainder when 896 is divided by 43?
36
Calculate the remainder when 638 is divided by 302.
34
What is the remainder when 600 is divided by 36?
24
Calculate the remainder when 361 is divided by 11.
9
Calculate the remainder when 790 is divided by 33.
31
Calculate the remainder when 3326 is divided by 62.
40
Calculate the remainder when 149 is divided by 18.
5
What is the remainder when 8667 is divided by 22?
21
Calculate the remainder when 796 is divided by 17.
14
What is the remainder when 10501 is divided by 89?
88
What is the remainder when 395 is divided by 131?
2
What is the remainder when 21515 is divided by 6?
5
Calculate the remainder when 270 is divided by 78.
36
Calculate the remainder when 3058 is divided by 24.
10
Calculate the remainder when 353 is divided by 102.
47
What is the remainder when 140 is divided by 102?
38
Calculate the remainder when 34718 is divided by 280.
278
What is the remainder when 283 is divided by 95?
93
Calculate the remainder when 77 is divided by 23.
8
Calculate the remainder when 151 is divided by 9.
7
Calculate the remainder when 2012 is divided by 106.
104
Calculate the remainder when 61 is divided by 36.
25
What is the remainder when 1373 is divided by 11?
9
What is the remainder when 2772 is divided by 75?
72
Calculate the remainder when 246 is divided by 121.
4
What is the remainder when 176 is divided by 56?
8
What is the remainder when 260 is divided by 66?
62
Calculate the remainder when 257 is divided by 35.
12
Calculate the remainder when 357 is divided by 28.
21
What is the remainder when 502 is divided by 28?
26
Calculate the remainder when 203 is divided by 68.
67
What is the remainder when 30 is divided by 6?
0
Calculate the remainder when 1328 is divided by 10.
8
Calculate the remainder when 2265 is divided by 11.
10
Calculate the remainder when 762 is divided by 191.
189
Calculate the remainder when 558 is divided by 513.
45
Calculate the remainder when 220 is divided by 37.
35
Calculate the remainder when 73 is divided by 13.
8
Calculate the remainder when 116 is divided by 24.
20
Calculate the remainder when 906 is divided by 816.
90
Calculate the remainder when 177 is divided by 154.
23
Calculate the remainder when 65 is divided by 61.
4
Calculate the remainder when 523 is divided by 88.
83
Calculate the remainder when 1156 is divided by 22.
12
What is the remainder when 195 is divided by 106?
89
Calculate the remainder when 1178 is divided by 95.
38
What is the remainder when 124 is divided by 29?
8
Calculate the remainder when 7367 is divided by 19.
14
Calculate the remainder when 1828 is divided by 203.
1
Calculate the remainder when 205 is divided by 19.
15
Calculate the remainder when 47 is divided by 7.
5
What is the remainder when 71 is divided by 21?
8
Calculate the remainder when 1353 is divided by 12.
9
Calculate the remainder when 1002 is divided by 64.
42
Calculate the remainder when 5012 is divided by 88.
84
Calculate the remainder when 812 is divided by 64.
44
What is the remainder when 372 is divided by 201?
171
What is the remainder when 554 is divided by 33?
26
Calculate the remainder when 242 is divided by 69.
35
Calculate the remainder when 2229 is divided by 86.
79
What is the remainder when 44224 is divided by 117?
115
Calculate the remainder when 92 is divided by 27.
11
What is the remainder when 434 is divided by 245?
189
What is the remainder when 113 is divided by 11?
3
What is the remainder when 8621 is divided by 98?
95
What is the remainder when 295 is divided by 3?
1
What is the remainder when 198 is divided by 29?
24
What is the remainder when 459 is divided by 41?
8
Calculate the remainder when 242 is divided by 117.
8
What is the remainder when 1916 is divided by 19?
16
Calculate the remainder when 604 is divided by 61.
55
What is the remainder when 97 is divided by 65?
32
Calculate the remainder when 441 is divided by 37.
34
Calculate the remainder when 4737 is divided by 53.
20
Calculate the remainder when 645 is divided by 147.
57
What is the remainder when 6177 is divided by 9?
3
What is the remainder when 558 is divided by 70?
68
Calculate the remainder when 193 is divided by 26.
11
What is the remainder when 605 is divided by 21?
17
What is the remainder when 121 is divided by 26?
17
What is the remainder when 655 is divided by 20?
15
Calculate the remainder when 57 is divided by 22.
13
What is the remainder when 265 is divided by 5?
0
What is the remainder when 195 is divided by 11?
8
What is the remainder when 277 is divided by 22?
13
What is the remainder when 356 is divided by 90?
86
Calculate the remainder when 219 is divided by 12.
3
What is the remainder when 665 is divided by 16?
9
What is the remainder when 73 is divided by 18?
1
What is the remainder when 4008 is divided by 3999?
9
What is the remainder when 9968 is divided by 10?
8
Calculate the remainder when 164 is divided by 80.
4
What is the remainder when 453 is divided by 53?
29
Calculate the remainder when 380 is divided by 32.
28
What is the remainder when 626 is divided by 316?
310
Calculate the remainder when 15646 is divided by 172.
166
Calculate the remainder when 143 is divided by 75.
68
What is the remainder when 568 is divided by 48?
40
Calculate the remainder when 1676 is divided by 99.
92
What is the remainder when 59 is divided by 55?
4
Calculate the remainder when 721 is divided by 711.
10
Calculate the remainder when 342 is divided by 57.
0
Calculate the remainder when 682 is divided by 84.
10
Calculate the remainder when 2121 is divided by 85.
81
Calculate the remainder when 410 is divided by 26.
20
Calculate the remainder when 1079 is divided by 54.
53
What is the remainder when 449 is divided by 141?
26
What is the remainder when 70 is divided by 37?
33
What is the remainder when 3191 is divided by 42?
41
Calculate the remainder when 224 is divided by 74.
2
What is the remainder when 953 is divided by 300?
53
Calculate the remainder when 1216 is divided by 21.
19
Calculate the remainder when 169 is divided by 36.
25
What is the remainder when 279 is divided by 244?
35
Calculate the remainder when 385 is divided by 121.
22
Calculate the remainder when 159 is divided by 27.
24
Calculate the remainder when 289 is divided by 7.
2
Calculate the remainder when 859 is divided by 5.
4
Calculate the remainder when 695 is divided by 227.
14
What is the remainder when 270 is divided by 104?
62
Calculate the remainder when 136 is divided by 29.
20
What is the remainder when 344 is divided by 317?
27
What is the remainder when 1867 is divided by 34?
31
What is the remainder when 511 is divided by 161?
28
What is the remainder when 550 is divided by 181?
7
Calculate the remainder when 339 is divided by 69.
63
Calculate the remainder when 753 is divided by 58.
57
What is the remainder when 1116 is divided by 271?
32
Calculate the remainder when 26782 is divided by 32.
30
Calculate the remainder when 183 is divided by 8.
7
Calculate the remainder when 3583 is divided by 32.
31
Calculate the remainder when 1245 is divided by 57.
48
What is the remainder when 682 is divided by 33?
22
What is the remainder when 54791 is divided by 18?
17
Calculate the remainder when 12832 is divided by 85.
82
What is the remainder when 240 is divided by 65?
45
What is the remainder when 12715 is divided by 4?
3
What is the remainder when 150 is divided by 42?
24
What is the remainder when 3275 is divided by 28?
27
What is the remainder when 2725 is divided by 35?
30
Calculate the remainder when 801 is divided by 11.
9
What is the remainder when 23127 is divided by 257?
254
Calculate the remainder when 397 is divided by 55.
12
What is the remainder when 37 is divided by 3?
1
Calculate the remainder when 89 is divided by 31.
27
Calculate the remainder when 7871 is divided by 25